ds digit of 408773?
0
What is the hundreds digit of 3891063?
0
What is the ten thousands digit of 2104940?
0
What is the hundred thousands digit of 684110?
6
What is the ten thousands digit of 5195312?
9
What is the thousands digit of 634871?
4
What is the thousands digit of 6713932?
3
What is the thousands digit of 440442?
0
What is the hundreds digit of 10148020?
0
What is the tens digit of 22293219?
1
What is the hundreds digit of 712522?
5
What is the thousands digit of 1047769?
7
What is the hundreds digit of 621682?
6
What is the thousands digit of 7946692?
6
What is the tens digit of 87574?
7
What is the millions digit of 3628382?
3
What is the hundreds digit of 2966786?
7
What is the units digit of 6010744?
4
What is the thousands digit of 96794?
6
What is the hundreds digit of 9248320?
3
What is the units digit of 55151?
1
What is the hundreds digit of 420922?
9
What is the ten thousands digit of 2711791?
1
What is the hundred thousands digit of 20503571?
5
What is the tens digit of 245869?
6
What is the units digit of 33816361?
1
What is the ten thousands digit of 428772?
2
What is the hundred thousands digit of 2466172?
4
What is the hundreds digit of 10200413?
4
What is the millions digit of 9055598?
9
What is the thousands digit of 4424041?
4
What is the units digit of 7704555?
5
What is the hundreds digit of 2433038?
0
What is the hundreds digit of 83869?
8
What is the tens digit of 4225114?
1
What is the hundred thousands digit of 611648?
6
What is the hundreds digit of 100523?
5
What is the tens digit of 4731960?
6
What is the tens digit of 16289917?
1
What is the units digit of 272490?
0
What is the hundreds digit of 1321120?
1
What is the ten thousands digit of 19864627?
6
What is the ten thousands digit of 3876548?
7
What is the ten thousands digit of 674102?
7
What is the hundreds digit of 1256027?
0
What is the hundreds digit of 13297647?
6
What is the tens digit of 14395473?
7
What is the tens digit of 2852805?
0
What is the hundreds digit of 288062?
0
What is the millions digit of 5868737?
5
What is the thousands digit of 85137?
5
What is the thousands digit of 275281?
5
What is the units digit of 18912777?
7
What is the ten thousands digit of 1076324?
7
What is the hundreds digit of 13361514?
5
What is the hundreds digit of 303682?
6
What is the thousands digit of 409237?
9
What is the millions digit of 7275009?
7
What is the thousands digit of 1762938?
2
What is the hundreds digit of 36440?
4
What is the ten thousands digit of 7970609?
7
What is the thousands digit of 317476?
7
What is the thousands digit of 1402?
1
What is the millions digit of 1895573?
1
What is the hundred thousands digit of 1197898?
1
What is the millions digit of 1766912?
1
What is the units digit of 1217232?
2
What is the tens digit of 232842?
4
What is the tens digit of 941565?
6
What is the thousands digit of 27150?
7
What is the ten thousands digit of 1365798?
6
What is the thousands digit of 1013167?
3
What is the tens digit of 2851536?
3
What is the ten thousands digit of 425808?
2
What is the tens digit of 568497?
9
What is the units digit of 362910?
0
What is the thousands digit of 150726?
0
What is the hundreds digit of 4581160?
1
What is the ten thousands digit of 1589657?
8
What is the tens digit of 1174607?
0
What is the hundreds digit of 14230831?
8
What is the hundred thousands digit of 108229?
1
What is the ten thousands digit of 2185739?
8
What is the hundreds digit of 13487?
4
What is the thousands digit of 226069?
6
What is the thousands digit of 1312858?
2
What is the hundred thousands digit of 1919532?
9
What is the thousands digit of 372395?
2
What is the units digit of 1619584?
4
What is the hundreds digit of 67951?
9
What is the millions digit of 2182918?
2
What is the ten thousands digit of 574554?
7
What is the tens digit of 248012?
1
What is the ten thousands digit of 178362?
7
What is the hundreds digit of 13910708?
7
What is the hundred thousands digit of 952386?
9
What is the units digit of 27342854?
4
What is the tens digit of 760221?
2
What is the thousands digit of 3769078?
9
What is the tens digit of 758792?
9
What is the hundreds digit of 2085363?
3
What is the ten thousands digit of 547652?
4
What is the thousands digit of 7689?
7
What is the hundreds digit of 77799?
7
What is the hundred thousands digit of 9959623?
9
What is the units digit of 113240?
0
What is the units digit of 623294?
4
What is the thousands digit of 3369324?
9
What is the hundreds digit of 572089?
0
What is the tens digit of 448016?
1
What is the tens digit of 206638?
3
What is the ten thousands digit of 598278?
9
What is the hundreds digit of 3647515?
5
What is the millions digit of 3454719?
3
What is the hundreds digit of 893435?
4
What is the thousands digit of 1831209?
1
What is the tens digit of 9935692?
9
What is the hundreds digit of 6946010?
0
What is the tens digit of 2716904?
0
What is the ten thousands digit of 452708?
5
What is the ten thousands digit of 960127?
6
What is the tens digit of 22306?
0
What is the hundred thousands digit of 102825?
1
What is the hundreds digit of 189958?
9
What is the hundreds digit of 351321?
3
What is the millions digit of 15035961?
5
What is the ten thousands digit of 7238719?
3
What is the ten thousands digit of 197980?
9
What is the hundred thousands digit of 975191?
9
What is the hundreds digit of 398219?
2
What is the tens digit of 160188?
8
What is the thousands digit of 486355?
6
What is the tens digit of 19509470?
7
What is the hundred thousands digit of 4445600?
4
What is the thousands digit of 502729?
2
What is the units digit of 486279?
9
What is the hundred thousands digit of 10542378?
5
What is the hundred thousands digit of 499066?
4
What is the ten millions digit of 24770852?
2
What is the millions digit of 3817568?
3
What is the tens digit of 1160486?
8
What is the ten thousands digit of 639846?
3
What is the ten thousands digit of 578943?
7
What is the hundred thousands digit of 218819?
2
What is the hundred thousands digit of 925212?
9
What is the hundred thousands digit of 3911409?
9
What is the ten thousands digit of 3948436?
4
What is the hundreds digit of 1104985?
9
What is the ten thousands digit of 2811938?
1
What is the ten thousands digit of 107438?
0
What is the hundred thousands digit of 277984?
2
What is the hundred thousands digit of 713332?
7
What is the tens digit of 216366?
6
What is the ten thousands digit of 224420?
2
What is the tens digit of 1013620?
2
What is the hundred thousands digit of 611109?
6
What is the units digit of 4833603?
3
What is the tens digit of 30789?
8
What is the thousands digit of 5636033?
6
What is the tens digit of 16110906?
0
What is the hundreds digit of 1174027?
0
What is the hundred thousands digit of 37121950?
1
What is the ten thousands digit of 188362?
8
What is the millions digit of 18661611?
8
What is the millions digit of 2404083?
2
What is the tens digit of 9929801?
0
What is the tens digit of 4980087?
8
What is the hundreds digit of 115432?
4
What is the thousands digit of 1390590?
0
What is the thousands digit of 5669578?
9
What is the units digit of 5598261?
1
What is the ten thousands digit of 1504419?
0
What is the ten thousands digit of 3393026?
9
What is the thousands digit of 2918449?
8
What is the thousands digit of 18652178?
2
What is the tens digit of 178280?
8
What is the units digit of 28835810?
0
What is the hundred thousands digit of 716327?
7
What is the thousands digit of 231286?
1
What is the ten thousands digit of 4944570?
4
What is the ten thousands digit of 12203332?
0
What is the hundreds digit of 134709?
7
What is the thousands digit of 7328366?
8
What is the ten thousands digit of 1250797?
5
What is the ten millions digit of 23459743?
2
What is the tens digit of 4231180?
8
What is the thousands digit of 366598?
6
What is the units digit of 38414?
4
What is the ten thousands digit of 98259?
9
What is the hundred thousands digit of 1828499?
8
What is the hundreds digit of 4987936?
9
What is the hundreds digit of 5528024?
0
What is the thousands digit of 223781?
3
What is the hundred thousands digit of 699796?
6
What is the hundred thousands digit of 158415?
1
What is the hundreds digit of 237522?
5
Wh